e the prime factors of 112385714?
2, 7, 1146793
What are the prime factors of 21773277?
3, 17, 101, 1409
What are the prime factors of 151557311?
151557311
List the prime factors of 138376577.
89, 653, 2381
List the prime factors of 115592080.
2, 5, 1444901
List the prime factors of 4943886329.
283, 17469563
List the prime factors of 2686238264.
2, 23, 79, 283, 653
List the prime factors of 8252883621.
3, 23, 39869003
What are the prime factors of 6163647314?
2, 11, 71, 358727
List the prime factors of 46079378.
2, 23039689
List the prime factors of 653949044.
2, 7, 79, 293, 1009
What are the prime factors of 5957334?
2, 3, 110321
What are the prime factors of 2317075565?
5, 7, 349, 189691
What are the prime factors of 112254712?
2, 263, 53353
List the prime factors of 118661089.
118661089
What are the prime factors of 43224304?
2, 149, 18131
What are the prime factors of 56952242?
2, 28476121
List the prime factors of 2173779486.
2, 3, 120765527
What are the prime factors of 3875015087?
13331, 290677
List the prime factors of 150537905.
5, 7, 1171, 3673
What are the prime factors of 2088660134?
2, 11, 113, 76379
List the prime factors of 757728011.
41, 1499, 12329
List the prime factors of 78729826.
2, 7, 823, 6833
List the prime factors of 39860002.
2, 7, 13, 17, 991
List the prime factors of 7255346496.
2, 3, 17, 2222839
List the prime factors of 420025300.
2, 5, 131, 32063
List the prime factors of 162452521.
7, 11, 73, 28901
List the prime factors of 173054794.
2, 11, 7866127
List the prime factors of 327709672.
2, 4327, 9467
What are the prime factors of 95722676?
2, 7, 488381
What are the prime factors of 785385262?
2, 6997, 56123
What are the prime factors of 470175691?
19, 24746089
What are the prime factors of 673203675?
3, 5, 23, 390263
List the prime factors of 22638049.
7, 23, 53, 379
List the prime factors of 191900139.
3, 6217, 10289
What are the prime factors of 5786240?
2, 5, 9041
What are the prime factors of 487008905?
5, 457, 213133
List the prime factors of 5748263988.
2, 3, 4483, 106853
What are the prime factors of 81239044?
2, 3209, 6329
List the prime factors of 548603954.
2, 53, 5175509
What are the prime factors of 17259309?
3, 269, 7129
What are the prime factors of 3466865676?
2, 3, 461, 626693
What are the prime factors of 3934891720?
2, 5, 53, 59, 163, 193
What are the prime factors of 2725495705?
5, 41, 13295101
List the prime factors of 126327883.
11, 31, 370463
List the prime factors of 400717341.
3, 131, 277, 409
What are the prime factors of 570459991?
1129, 505279
List the prime factors of 111186631.
47, 149, 15877
List the prime factors of 486097632.
2, 3, 562613
What are the prime factors of 15550406?
2, 31, 250813
What are the prime factors of 770850895?
5, 43, 3585353
List the prime factors of 15176174.
2, 13, 19, 31, 991
List the prime factors of 2684657330.
2, 5, 268465733
List the prime factors of 329169333.
3, 131, 419, 1999
List the prime factors of 5206456912.
2, 19, 389, 44027
List the prime factors of 2396126737.
2396126737
What are the prime factors of 620508?
2, 3, 7, 83, 89
What are the prime factors of 1165621226?
2, 7, 11, 41, 184609
What are the prime factors of 289515870?
2, 3, 5, 7, 51061
What are the prime factors of 4788327906?
2, 3, 88672739
What are the prime factors of 1858159344?
2, 3, 31, 43, 113, 257
What are the prime factors of 379608785?
5, 75921757
What are the prime factors of 2838022239?
3, 13, 5597677
What are the prime factors of 18384942?
2, 3, 3064157
What are the prime factors of 4170892591?
17, 245346623
List the prime factors of 340456062.
2, 3, 47, 1207291
List the prime factors of 653959909.
991, 659899
List the prime factors of 249914358.
2, 3, 13884131
List the prime factors of 8875260.
2, 3, 5, 49307
List the prime factors of 104367546.
2, 3, 5798197
What are the prime factors of 1259983294?
2, 881, 715087
List the prime factors of 352815751.
2129, 165719
List the prime factors of 439469381.
13, 33805337
What are the prime factors of 42033237?
3, 14011079
What are the prime factors of 87740869?
47, 1866827
What are the prime factors of 121310491?
3061, 39631
What are the prime factors of 878643193?
1201, 731593
What are the prime factors of 248277522?
2, 3, 19, 151, 14423
What are the prime factors of 4295361681?
3, 13, 36712493
What are the prime factors of 82835698?
2, 11, 691, 5449
What are the prime factors of 396954058?
2, 198477029
List the prime factors of 6219552093.
3, 19, 109114949
List the prime factors of 2886135903.
3, 7, 101, 409, 1109
What are the prime factors of 825068130?
2, 3, 5, 131, 149, 1409
What are the prime factors of 4498656?
2, 3, 46861
What are the prime factors of 128335041?
3, 149, 95701
List the prime factors of 292035136.
2, 4563049
What are the prime factors of 31606801?
3463, 9127
List the prime factors of 524648825.
5, 20985953
What are the prime factors of 19086670?
2, 5, 1908667
What are the prime factors of 2232281658?
2, 3, 131, 947, 2999
List the prime factors of 753929472.
2, 3, 29, 33851
List the prime factors of 506400386.
2, 17, 353, 42193
What are the prime factors of 14981923?
11, 71, 19183
List the prime factors of 1808468932.
2, 23, 2083, 9437
What are the prime factors of 283903252?
2, 70975813
What are the prime factors of 140294460?
2, 3, 5, 29, 80629
What are the prime factors of 621076369?
2203, 281923
List the prime factors of 2281117123.
41, 499, 111497
What are the prime factors of 49944946?
2, 17, 1468969
List the prime factors of 3583185268.
2, 13, 17, 499, 8123
What are the prime factors of 455860158?
2, 3, 13, 5844361
List the prime factors of 488465.
5, 211, 463
What are the prime factors of 4252209506?
2, 29, 73313957
What are the prime factors of 126801146?
2, 37, 73, 23473
What are the prime factors of 1546580896?
2, 7, 6904379
List the prime factors of 5647388698.
2, 7, 403384907
List the prime factors of 16324543.
2137, 7639
List the prime factors of 326170379.
71, 331, 13879
What are the prime factors of 145295743?
145295743
What are the prime factors of 4332891260?
2, 5, 216644563
What are the prime factors of 529307680?
2, 5, 11, 300743
What are the prime factors of 501510129?
3, 167170043
What are the prime factors of 321815142?
2, 3, 11, 1625329
What are the prime factors of 168724936?
2, 199, 105983
What are the prime factors of 236895406?
2, 11, 10767973
List the prime factors of 48105370.
2, 5, 443, 10859
What are the prime factors of 476692163?
1123, 424481
What are the prime factors of 3047535872?
2, 17, 113, 6197
What are the prime factors of 3380232196?
2, 11, 17, 181, 24967
List the prime factors of 114504123.
3, 2039, 18719
What are the prime factors of 54467333?
5563, 9791
What are the prime factors of 337897703?
11, 13, 214811
List the prime factors of 441803062.
2, 220901531
What are the prime factors of 113108870?
2, 5, 7, 1615841
What are the prime factors of 76120719?
3, 1499, 16927
List the prime factors of 1150955983.
1150955983
What are the prime factors of 1497414941?
11, 136128631
List the prime factors of 1724345568.
2, 3, 11, 29, 137
What are the prime factors of 697879761?
3, 239, 973333
List the prime factors of 1422761552.
2, 17, 5230741
What are the prime factors of 5582692196?
2, 1395673049
List the prime factors of 3272438388.
2, 3, 67, 4070197
What are the prime factors of 24921280?
2, 5, 47, 1657
What are the prime factors of 134330060?
2, 5, 823, 8161
What are the prime factors of 1323814457?
7, 189116351
What are the prime factors of 17888554?
2, 389, 22993
What are the prime factors of 148455746?
2, 71, 157, 6659
What are the prime factors of 8062374?
2, 3, 23, 37, 1579
List the prime factors of 892731034.
2, 13, 853, 40253
What are the prime factors of 579633170?
2, 5, 57963317
List the prime factors of 88111244.
2, 13, 1694447
What are the prime factors of 3381619884?
2, 3, 37, 7616261
What are the prime factors of 3331026142?
2, 733, 2272187
What are the prime factors of 366451839?
3, 13, 263, 11909
List the prime factors of 6750378416.
2, 41, 10290211
List the prime factors of 8439450.
2, 3, 5, 56263
What are the prime factors of 319341664?
2, 19, 31, 16943
List the prime factors of 1031146345.
5, 206229269
What are the prime factors of 744555473?
641